 c.
40
What is the remainder when 19 is divided by (-6)/15 + (-228)/(-20)?
8
Suppose 5*l = 6*l - 35. What is the remainder when l is divided by 19?
16
Let b(m) = -1 + 6*m**3 - 2 + 4 + 5*m - m**2 - 6*m. Let u = 19 - 10. Calculate the remainder when u is divided by b(1).
4
Let j be 10/10 - (-1 + -11). Suppose -j = -u + 17. What is the remainder when 5 is divided by u/12*(-8)/(-10)?
1
Let m = 1 + 1. What is the remainder when (15/(-1))/((-6)/20) is divided by (-150)/(-9) + m/6?
16
Let c(f) = -f**2 - 4*f + 8. Calculate the remainder when 184 is divided by c(-3).
8
Let i = 23 + 29. Let t(p) = p**2 - 2*p + 2. Let q be t(2). Suppose 3*l = q*l + 18. What is the remainder when i is divided by l?
16
Let n = 67 - 37. Let z = n + -5. What is the remainder when 49 is divided by 1/(1/z)*1?
24
Calculate the remainder when 51 is divided by 1/(2 - 42/22).
7
Let w(o) = 2*o + 13. Let x = 159 + -100. Let g = x - 36. Calculate the remainder when g is divided by w(0).
10
Let c(h) = -h + 6. Let p be c(5). Let j = 79 + -62. What is the remainder when j is divided by -1 - (-20)/(p - -1)?
8
Suppose -3*c - 43 = -4*c. Suppose 0 = 2*x - c + 9. What is the remainder when x is divided by 6?
5
Suppose 0 = 5*l - 15, 21 = 4*y + 2*l + l. What is the remainder when 23 is divided by (-4)/(-2*y/12)?
7
Suppose -5*r - 3*k + 17 = -0*k, 5*k = -r - 1. Suppose 58 = 4*s - 3*c, -s + 1 = r*c - 4. What is the remainder when s is divided by 8?
5
Suppose -s + 6 = h, 3*h + 26 = 5*s + 4. Let w = s + 6. Calculate the remainder when 21 is divided by w.
10
Let x be (-3)/(-9)*(2 + 10). Let u(l) = 2*l**2 - 3*l + 0*l + 5*l - x*l + 1. Calculate the remainder when 13 is divided by u(2).
3
Let v(t) = -8*t**3 + t. Let o be v(1). Let g(s) = s**3 + 7*s**2 - 5*s - 9. Let m = 20 - 6. What is the remainder when g(o) is divided by m?
12
Let g(v) be the second derivative of -v**5/20 - v**4/6 + v**3/6 + 2*v**2 + v. Calculate the remainder when (-1)/(-1)*21 + -4 is divided by g(-3).
7
Let u = -65 - -101. Let n = u + -25. Suppose -w + 11 = 5*z, -2*w + n = -w - 3*z. Calculate the remainder when 32 is divided by w.
10
Suppose k + 4 = -q - k, -q - k - 4 = 0. Suppose 3*v - 58 = v. What is the remainder when v is divided by (-61)/q - (-9)/(-36)?
14
Let o = -17 + 28. What is the remainder when o is divided by 4?
3
Let j = 47 - 18. What is the remainder when j is divided by (3/(-42)*-16)/(2/28)?
13
Let b be 2/(-5) + 394/10. Suppose -5*r - 3*i + 97 = -0*i, -2*r + 38 = i. Calculate the remainder when r is divided by 1/(b/18 + -2).
5
Let f(l) = -l + 4. Let u be f(3). Suppose 3*q - u = 8. Suppose -g + 26 = -q. Calculate the remainder when g is divided by 10.
9
Let x = 8 - 12. Let p(h) = -h**3 - 2*h**2 + 7*h + 6. Let r be p(x). Suppose -5*z + r + 20 = 0. What is the remainder when 16 is divided by z?
4
Let i(r) = 3*r - 5. Let g be i(7). Let m(v) = -11*v**2 - v + 1. Let z be m(1). Let b = g + z. What is the remainder when 14 is divided by b?
4
Calculate the remainder when -1*(-2 + 14/(-1)) is divided by 6.
4
Let a(g) = g**2 - 3*g - 1. Let m be a(4). Suppose -5*d = 8*v - m*v - 220, -5*d = -5*v + 240. What is the remainder when v is divided by 16?
14
Let o = 777 - 748. What is the remainder when 2/5*(214 + 1) is divided by o?
28
Let n = 19 - 4. Suppose u = -3*u - 244. Let m = -33 - u. What is the remainder when m is divided by n?
13
Let s(p) = 4*p - 2. Calculate the remainder when (1 - -5)/((-6)/(-16)) is divided by s(2).
4
Let y = -25 + 91. Calculate the remainder when y is divided by 17.
15
Let g = -2 + 0. Calculate the remainder when (-134)/(-8) + (-27)/36 is divided by 1/(-2) - 13/g.
4
Let p(w) = -w**2 + 2*w - 1. Let c be p(2). Let r(n) = 6*n**2 + 3*n + 2. Calculate the remainder when 18 is divided by r(c).
3
Suppose 0 = 4*b - 38 - 2. What is the remainder when 57 is divided by b?
7
Let f = -8 + -17. Let d = f + 64. Suppose -1 = 2*y + 1, -4*r + 3*y + d = 0. Calculate the remainder when 33 is divided by r.
6
Suppose -5*t + 2 = d, -2*d - 8 = 4*t + 2*d. Let p(h) = 33*h**3 + 1. What is the remainder when p(t) is divided by 18?
16
Let w(g) = -g**2 - g. Let h be w(-1). Suppose 8 + h = 2*a. Suppose -5*c = 10, 7*y = 3*y + 2*c + 32. What is the remainder when y is divided by a?
3
Calculate the remainder when 118 is divided by 16*(-4)/(80/(-25)).
18
Suppose 4*u = u + 9. Calculate the remainder when 9 is divided by u.
0
Let t = 0 - -5. Suppose -z + 2*z - 17 = -t*n, 2*n + 112 = 5*z. Calculate the remainder when z is divided by 12.
10
What is the remainder when -141*1/(-3) - 3 is divided by 16?
12
Suppose -w = g - 10, 2*w - 3*g - 66 = -3*w. Calculate the remainder when 47 is divided by w.
11
Let l = -52 - -55. Calculate the remainder when 12 is divided by l.
0
Let r(l) = l**2 - l. What is the remainder when r(12) is divided by 46?
40
Let g(o) = -o**2 + 5*o - 1. Let h be g(3). Suppose u + 32 = h*u. Suppose 10 = 2*j - u. Calculate the remainder when j is divided by 5.
4
Let l(h) = -h**3 - 7*h**2 - 5*h - 17. Calculate the remainder when 89 is divided by l(-7).
17
Let j = 17 + -12. Let d be 2*(-2)/(-4)*-3. Let h = d - -12. What is the remainder when h is divided by j?
4
Suppose 2*a + 5*m = -3, -2*m + 12 = 3*a - 0*m. Calculate the remainder when 27 is divided by a.
3
Suppose h + 3*h + 18 = -3*m, 0 = 3*m - 2*h + 18. Let a = 10 + m. Calculate the remainder when 7 is divided by a.
3
Let o be (-3)/(-1) + (-6)/3. Let s be -32 - (2 - 0) - o. Let c = -24 - s. What is the remainder when c is divided by 6?
5
What is the remainder when 0 + 21 - (6 - 8) is divided by 74/6 - 2/(-3)?
10
Suppose -2*j = -10, -x + 2*x = -j + 21. What is the remainder when x is divided by 17/3 - (-2)/6?
4
Let t = 354 - 340. Let a(f) = 25*f**2 + 1. Calculate the remainder when a(1) is divided by t.
12
Suppose -m = -4*m + 12. Suppose 150 = m*x + x. What is the remainder when x is divided by 8?
6
Let b = -1 + 6. Suppose 3*q + 30 = 8*q. Suppose -3*v + q*v = -5*s + 85, -s = -v - 9. What is the remainder when s is divided by b?
4
Suppose 3*x = -2*x + s + 96, -2*x - 4*s + 56 = 0. Calculate the remainder when x is divided by 13.
7
Suppose -4*z + 64 = 3*m, -6*m + 4*m + 16 = -4*z. Calculate the remainder when m is divided by 3.
1
Let s be 0 - (-1 - (2 - 0)). Let o be (-2 + (2 - -2))/2. What is the remainder when (s - 3)/o + 41 is divided by 21?
20
Let t = -11 + 20. Suppose 5*z = 107 + 68. Calculate the remainder when z is divided by t.
8
Let x = 2 - 1. Let h(s) = -3*s**3 + s**3 + x + 5*s**2 - 3*s + s**3. Calculate the remainder when 19 is divided by h(2).
5
Let u(k) be the second derivative of -5*k**3/6 + k**2/2 - 4*k. Calculate the remainder when 10 is divided by u(-1).
4
Suppose 4*r - 158 = 50. Let c(t) = -18*t - 9. What is the remainder when r is divided by c(-2)?
25
Suppose -2*k = 1 - 9. What is the remainder when 8 is divided by k?
0
Let m(k) = 3*k + 4. Calculate the remainder when m(13) is divided by 11.
10
Suppose 0 = 5*g - 71 - 29. What is the remainder when 137 is divided by g?
17
Let v be (1/2)/((-2)/(-240)). Suppose 0 = -4*w, 0 = 4*u + w - 2*w - v. Suppose -3*s + 117 + 12 = 0. Calculate the remainder when s is divided by u.
13
Let k = -19 + 37. Calculate the remainder when k is divided by 5.
3
Let r(u) = u**2 - u + 1. Let z(s) = -2*s**3 + 10*s**2 - 8*s + 8. Let d(j) = 6*r(j) - z(j). Calculate the remainder when d(3) is divided by 8.
6
Let h = 66 + -24. Calculate the remainder when h is divided by 11.
9
Let l be -3 - -5 - 0/(-1). Let s = l - -1. Suppose -6*k - s*q = -2*k - 51, -5*q + 25 = 0. What is the remainder when k is divided by 5?
4
Let q(r) = r**3 - 4*r**2 + 13. What is the remainder when 45 is divided by q(4)?
6
Suppose 4*f - 228 = -2*f. Let g(m) = -4*m - 3. Calculate the remainder when f is divided by g(-4).
12
Suppose 3*z + 34 = 4*j - 2*z, 0 = -5*j - z + 28. What is the remainder when 370/22 - 8/(-44) is divided by j?
5
Let n(o) = o - 3. Let f be (-4)/14 + 867/21. Calculate the remainder when 2/(-8) + f/4 is divided by n(9).
4
Suppose -61*m = -66*m + 310. What is the remainder when m is divided by 21?
20
Let t be (10 - 1 - -2) + 1. Suppose 0*d + d - t = 0. Suppose 0 = -4*h + 4*y + 128, -y - 10 = -6*y. Calculate the remainder when h is divided by d.
10
Let z = 9 - 3. Let q be z/(-4)*(2 + -4). Suppose 2*m + 8 = 3*k, 7 = q*k - m - 6. Calculate the remainder when 2